st common divisor of b and 1.
1
Let t(y) = -y - 2. Let x be t(-3). Let p be 16/(3 + x) + -1. What is the greatest common divisor of 24 and p?
3
Let g(a) = -279*a + 288*a - a**3 - 6*a**2 + 4 - 3*a**2. Let m be g(-10). Let h(r) = -41*r + 1. Let v be h(-1). Calculate the greatest common factor of m and v.
14
Let o = -11 + 25. Suppose -10*h + 35 = -9*h. Calculate the greatest common factor of h and o.
7
Suppose b + 0 = u - 15, 0 = 2*u - 4*b - 36. Let c(s) = s**3 + 24*s**2 + 42*s + 16. Let h be c(-22). Calculate the greatest common divisor of h and u.
12
Let z(s) = 35*s**2 + s + 4. Let f be z(-2). Suppose b + f = -4*p - 64, -p - 46 = 3*b. Let h = -19 - p. What is the greatest common factor of 11 and h?
11
Let b be (2 - 3)*78/(-2). Suppose 302 = 75*a - 673. What is the highest common factor of b and a?
13
Let f(y) = -y**2 + 5*y - 3. Let n be f(3). Suppose -2*x + 42 = 4*r - 10, n*x - 6 = 0. What is the greatest common divisor of r and 12?
12
Let s be 4/(-24) + 25*4/24. Suppose -4*i + 16 = -2*d, 0*i = 3*i + 3*d - 12. Calculate the highest common factor of s and i.
4
Let u(k) = 35*k + 1. Let f be u(1). Suppose -18 + 13 = x, -4*c + 1594 = -2*x. Calculate the highest common factor of c and f.
36
Let y be (13320/66)/12 - (-4)/22. What is the greatest common divisor of 187 and y?
17
Suppose 2*j + 0 - 30 = 0. Let q be 2/4*(-1 + j). Calculate the highest common factor of 7 and q.
7
Suppose u + 15 = 6*u. Suppose 5*s - 13 = -u. Suppose 2*c = -s*c + 576. Calculate the greatest common factor of c and 16.
16
Let n(u) = -u + 21. Let v be n(-15). Let a = -23 + v. Calculate the greatest common factor of a and 234.
13
Let x = -49 + 124. Let m = x + -63. What is the highest common factor of m and 4?
4
Let j = -161 + 171. Calculate the highest common divisor of j and 20.
10
Let h be (-2)/(-6) - (-213)/9. Suppose 2*a - 3*t - 101 = 0, -223 = -2*a - 2*a - t. Suppose 5*x - a = 25. Calculate the greatest common factor of x and h.
8
Let d be 501 + 1 - (4 - 9 - -2). Calculate the highest common factor of d and 5.
5
Let n(s) = -2*s + 122. Let a be n(-14). What is the highest common factor of a and 45?
15
Let j(r) = 3*r**3 + 56*r**2 - 29*r - 40. Let u be j(-19). Calculate the greatest common divisor of u and 120.
30
Let d = -70 - -174. Let u be (-3)/(-5) + 13/(-5) + d. Calculate the highest common divisor of u and 68.
34
Let f(d) = 3*d - 95. Let o be f(53). What is the greatest common divisor of o and 2?
2
Suppose n + 3*n + 16 = 0. Let f be 10 + (-3 - (n + 2)). Suppose 3*s - f = -3*z, s + 4*s = -z + 35. Calculate the highest common divisor of s and 8.
8
Suppose 0 = 4*a - 9*a - 190. Let t(w) = w**2 - 34*w + 66. Let s be t(38). Let h = s + a. Calculate the greatest common factor of 36 and h.
36
Let m(o) = 7*o**2 - 12*o - 82. Let h be m(9). What is the highest common divisor of h and 143?
13
Suppose -5*i = -2*f + 155, -2*i - 12 + 76 = f. Calculate the greatest common divisor of f and 350.
70
Suppose 23*l + 6*l = 1914. What is the highest common factor of 99 and l?
33
Let k(d) = -d**2 + 2*d + 39. Let h be k(0). Let y = h - 16. Calculate the highest common divisor of 115 and y.
23
Suppose 0 = -3*f - 6, 3*k - 3*f = 2*k + 174. Calculate the greatest common divisor of k and 63.
21
Suppose 2*j + 140 = 9*j. Suppose 2*z - j = -16. Suppose p - 41 = -z*a - 6, -5*a = -5*p + 160. Calculate the highest common divisor of 22 and p.
11
Let r(h) = -8*h - 1. Suppose 4*d - x + 0*x + 7 = 0, -4*d - 2*x - 10 = 0. Let v = d - -1. Let n be r(v). What is the greatest common divisor of 28 and n?
7
Let g be (10 - 52)*(0 + -1). Calculate the greatest common factor of g and 63.
21
Let i = -422 - -533. Calculate the highest common factor of 296 and i.
37
Suppose 0*y - y + 20 = -4*t, 12 = -2*y - 5*t. Let f(m) = -m - 1. Let j be f(0). Let o be ((-84)/6)/(j/2). What is the greatest common factor of y and o?
4
Suppose z + 3*m - 26 = 0, -14*z = -2*m + 4*m - 644. Let o = 16 - -31. Calculate the highest common factor of z and o.
47
Let f(o) = 3*o**2 + 3*o + 55. Let m be f(-10). Calculate the greatest common divisor of m and 25.
25
Let z(u) = u**3 - 7*u**2 - 5*u - 4. Let o be z(8). Let w be 1096/(-6)*(-3)/(-2). Let h = w - -494. What is the greatest common divisor of o and h?
20
Suppose 60*h = 49*h + 99. Calculate the greatest common divisor of h and 47.
1
Let o(v) = -26*v - 43. Let w be o(-5). What is the highest common divisor of w and 29?
29
Suppose -t - 4*r + 130 = 0, 0 = -5*t - 36*r + 31*r + 695. What is the greatest common factor of 213 and t?
71
Let r be 4/(-2) + 12 + 8. Let y be -4*3/48 - 50/(-8). What is the greatest common factor of r and y?
6
Let w = -337 - -513. What is the highest common divisor of w and 32?
16
Suppose c + 121 = 11*o - 10*o, 2*o - 4*c = 244. What is the highest common divisor of 100 and o?
20
Let y = 714 - 698. What is the greatest common divisor of 304 and y?
16
Let n be (3 - 2)*274 - -5. What is the greatest common divisor of 9 and n?
9
Let i(z) = -35*z + 71*z - 35*z + 18. Let b be i(-5). Suppose 4*f = -3*v + 47, 2*v - 4*f = -3*v + 57. What is the greatest common factor of b and v?
13
Let w = -468 - -489. Calculate the greatest common factor of w and 147.
21
Suppose 3*z - n - 7 = 5, 3*z + 4*n = 27. Let r be -2 - -6 - (z + -26). Calculate the greatest common divisor of r and 25.
25
Let r = 1195 + -1145. Calculate the highest common factor of r and 1550.
50
Let f = 8809 + -8705. Let a(g) = -3*g + 1. Let p be a(-4). What is the highest common divisor of f and p?
13
Let u be -6*(1 + (-20)/8). Let j = 0 - -3. Suppose 5*r - 18 + j = 0. Calculate the greatest common factor of u and r.
3
Suppose 0 = 3*d - 3*a + 9, d + a + 3*a + 8 = 0. Let f be (10/d)/(-1*(-7)/(-112)). What is the greatest common factor of f and 4?
4
Let r = 25 - -27. Let b = -46 + r. Calculate the greatest common factor of b and 30.
6
Let j be 1/(-4) - 291/(-12). Calculate the greatest common factor of 1032 and j.
24
Let c = 60 - 9. Calculate the highest common factor of 34 and c.
17
Let d be 2 - -1*(-2)/2. Suppose 3*t - 20 = -5*b, -3*b + 24*t = 22*t + 7. Calculate the highest common factor of d and b.
1
Let j be ((-8)/(-4))/((-2)/217). Let a = -147 - j. Suppose 5*b - 3*b - n = a, -152 = -4*b - 4*n. Calculate the highest common divisor of 24 and b.
12
Let b be 1 - 13515/(-315) - 4/(-42). Let y(q) = -q**2 + 110. Let i be y(0). Calculate the highest common factor of i and b.
22
Let h be (161/14)/((-5)/(-20)). Calculate the greatest common divisor of 598 and h.
46
Suppose 62*o + 180 = 68*o. Suppose -7*u = -19 - o. Calculate the greatest common divisor of 161 and u.
7
Let n = -2 - -24. Let c = 31 - -24. Suppose 0 = -u - 0 + c. Calculate the highest common divisor of u and n.
11
Suppose -12*q = -8*q - 52. Let s = q - 0. What is the greatest common divisor of s and 208?
13
Let y = 152 - 88. Let t(a) = 11*a**2 + 3*a - 1. Let z be t(2). Let j = 57 - z. What is the highest common factor of j and y?
8
Let c be (2 - 0)*2 - 1. Let y = -4 - 2. Let g be 2/3 + (-14)/y. Calculate the highest common divisor of g and c.
3
Suppose -2*t + 117 = 73. Suppose 0 = t*h - 20*h - 196. Calculate the greatest common divisor of 14 and h.
14
Suppose l + 0 = 20. Suppose 488 = 3*r + 2*o - 4*o, 5*r - 820 = 5*o. What is the greatest common factor of r and l?
20
Let l be (-21)/(-5) + 4/(-20). Suppose y + 0*y = l. Suppose -18 = -6*t + y*t. What is the highest common divisor of t and 36?
9
Let y be (-2)/(-13) + 2274/(-78). Let n = y + 41. What is the greatest common factor of 12 and n?
12
Let l = 1199 + -695. What is the highest common factor of l and 18?
18
Let m be (-15)/((-6)/2 - -2). Suppose -29 = -6*a + 13. Let h = m - a. Calculate the greatest common factor of 4 and h.
4
Let d(r) = -r**3 - 6*r**2 - 7*r + 2. Let t be d(-7). Let k be (12/(-5))/((-15)/t). Let z be 1/4 - (-14325)/300. What is the greatest common divisor of k and z?
16
Let g = 89 - 71. Suppose 15*n + 675 = g*n. Calculate the highest common factor of 90 and n.
45
Let g(p) = p**3 + 6*p**2 - 17*p - 5. Let b be g(-8). Let m = -19 - -52. What is the highest common factor of b and m?
3
Let n = 100 + -96. What is the highest common factor of n and 76?
4
Let x be (-3)/6*(-7 - -3). Suppose 2*z - z = 2. Suppose 15 = x*p + 2*b + b, -z*p - b + 21 = 0. Calculate the highest common factor of 12 and p.
12
L